{"id":1504,"date":"2019-05-06T11:58:18","date_gmt":"2019-05-06T10:58:18","guid":{"rendered":"http:\/\/www.mireilleguerin.com\/site\/?page_id=1504"},"modified":"2019-05-10T10:35:34","modified_gmt":"2019-05-10T09:35:34","slug":"travaux-v2","status":"publish","type":"page","link":"http:\/\/www.mireilleguerin.com\/site\/","title":{"rendered":""},"content":{"rendered":"\n<div class=\"alignnormal\"><div id=\"metaslider-id-1551\" style=\"max-width: 700px; margin: 0 auto;\" class=\"ml-slider-3-108-0 metaslider metaslider-nivo metaslider-1551 ml-slider ms-theme-precognition\" role=\"region\" aria-label=\"New Slideshow\" data-height=\"300\" data-width=\"700\">\n    <div id=\"metaslider_container_1551\">\n        <div class='slider-wrapper theme-default'><div class='ribbon'><\/div><div id='metaslider_1551' class='nivoSlider'><img loading=\"lazy\" decoding=\"async\" src=\"http:\/\/www.mireilleguerin.com\/site\/wp-content\/uploads\/home-1-700x300.jpg\" height=\"300\" width=\"700\" title=\"home-1\" alt=\"\" class=\"slider-1551 slide-1552 msDefaultImage\" \/><img loading=\"lazy\" decoding=\"async\" src=\"http:\/\/www.mireilleguerin.com\/site\/wp-content\/uploads\/home-2-700x300.jpg\" height=\"300\" width=\"700\" title=\"home-2\" alt=\"\" class=\"slider-1551 slide-1553 msDefaultImage\" \/><img loading=\"lazy\" decoding=\"async\" src=\"http:\/\/www.mireilleguerin.com\/site\/wp-content\/uploads\/home-3-700x300.jpg\" height=\"300\" width=\"700\" title=\"la cr\u00e9ation du monde (d\u00e9tail)\" alt=\"\" class=\"slider-1551 slide-1554 msDefaultImage\" \/><\/div><\/div>\n        \n    <\/div>\n<\/div><\/div>\n\n\n\n<p><\/p>\n\n\n\n<h3 class=\"wp-block-heading\" style=\"text-align:center\"><em>Le travail du licier est un beau moyen d\u2019expression, malheureusement peu connu : <\/em><br><em>il tisse des pi\u00e8ces uniques, murales et d\u00e9coratives, sur un m\u00e9tier de haute ou basse-lice.<\/em><\/h3>\n\n\n\n<blockquote class=\"wp-block-quote is-style-large is-layout-flow wp-block-quote-is-layout-flow\"><p><\/p><\/blockquote>\n\n\n\n<h3 class=\"wp-block-heading\" style=\"text-align:center\"><em>Traditionnel et innovant ce savoir-faire peut \u00eatre mis au service de l\u2019art contemporain.<\/em><\/h3>\n\n\n\n<h3 class=\"wp-block-heading\" style=\"text-align:center\"><em>Il prend alors une dimension nouvelle : investissement personnel, recherche permanente, <\/em><br><em>il devient, pour l\u2019artiste, l\u2019occasion d\u2019y exprimer toute sa cr\u00e9ativit\u00e9.<\/em><\/h3>\n\n\n\n<div style=\"height:44px\" aria-hidden=\"true\" class=\"wp-block-spacer\"><\/div>\n\n\n\t\t\t\t<div class=\"jetpack-portfolio-shortcode column-4\">\n\t\t\t\t\t\t\t\t\t<div class=\"portfolio-entry portfolio-entry-column-4 portfolio-entry-mobile-first-item-row portfolio-entry-first-item-row\">\n\t\t\t\t\t\t<header class=\"portfolio-entry-header\">\n\t\t\t\t\t\t<a class=\"portfolio-featured-image\" href=\"http:\/\/www.mireilleguerin.com\/site\/portfolio\/rythmes\/\"><img loading=\"lazy\" decoding=\"async\" width=\"764\" height=\"573\" src=\"http:\/\/www.mireilleguerin.com\/site\/wp-content\/uploads\/Rythmes_thb.png\" class=\"attachment-large size-large wp-post-image\" alt=\"\" srcset=\"http:\/\/www.mireilleguerin.com\/site\/wp-content\/uploads\/Rythmes_thb.png 950w, http:\/\/www.mireilleguerin.com\/site\/wp-content\/uploads\/Rythmes_thb-300x225.png 300w, http:\/\/www.mireilleguerin.com\/site\/wp-content\/uploads\/Rythmes_thb-768x576.png 768w, http:\/\/www.mireilleguerin.com\/site\/wp-content\/uploads\/Rythmes_thb-800x600.png 800w\" sizes=\"auto, (max-width: 764px) 100vw, 764px\" \/><\/a>\n\t\t\t\t\t\t<h2 class=\"portfolio-entry-title\"><a href=\"http:\/\/www.mireilleguerin.com\/site\/portfolio\/rythmes\/\" title=\"Rythmes\">Rythmes<\/a><\/h2>\n\n\t\t\t\t\t\t\t<div class=\"portfolio-entry-meta\">\n\t\t\t\t\t\t\t\t\t\t\t\t\t\t<\/div>\n\n\t\t\t\t\t\t<\/header>\n\n\t\t\t\t\t\t\t\t\t\t<\/div><!-- close .portfolio-entry -->\n\t\t\t\t\t\t\t\t\t\t<div class=\"portfolio-entry portfolio-entry-column-4 portfolio-entry-mobile-last-item-row\">\n\t\t\t\t\t\t<header class=\"portfolio-entry-header\">\n\t\t\t\t\t\t<a class=\"portfolio-featured-image\" href=\"http:\/\/www.mireilleguerin.com\/site\/portfolio\/eau-lumiere-obscurite\/\"><img loading=\"lazy\" decoding=\"async\" width=\"764\" height=\"573\" src=\"http:\/\/www.mireilleguerin.com\/site\/wp-content\/uploads\/Obscurite_thb.jpg\" class=\"attachment-large size-large wp-post-image\" alt=\"\" srcset=\"http:\/\/www.mireilleguerin.com\/site\/wp-content\/uploads\/Obscurite_thb.jpg 800w, http:\/\/www.mireilleguerin.com\/site\/wp-content\/uploads\/Obscurite_thb-300x225.jpg 300w, http:\/\/www.mireilleguerin.com\/site\/wp-content\/uploads\/Obscurite_thb-768x576.jpg 768w\" sizes=\"auto, (max-width: 764px) 100vw, 764px\" \/><\/a>\n\t\t\t\t\t\t<h2 class=\"portfolio-entry-title\"><a href=\"http:\/\/www.mireilleguerin.com\/site\/portfolio\/eau-lumiere-obscurite\/\" title=\"Eau &#8211; lumi\u00e8re &#8211; obscurit\u00e9\">Eau &#8211; lumi\u00e8re &#8211; obscurit\u00e9<\/a><\/h2>\n\n\t\t\t\t\t\t\t<div class=\"portfolio-entry-meta\">\n\t\t\t\t\t\t\t\t\t\t\t\t\t\t<\/div>\n\n\t\t\t\t\t\t<\/header>\n\n\t\t\t\t\t\t\t\t\t\t<\/div><!-- close .portfolio-entry -->\n\t\t\t\t\t\t\t\t\t\t<div class=\"portfolio-entry portfolio-entry-column-4 portfolio-entry-mobile-first-item-row\">\n\t\t\t\t\t\t<header class=\"portfolio-entry-header\">\n\t\t\t\t\t\t<a class=\"portfolio-featured-image\" href=\"http:\/\/www.mireilleguerin.com\/site\/portfolio\/passage\/\"><img loading=\"lazy\" decoding=\"async\" width=\"764\" height=\"573\" src=\"http:\/\/www.mireilleguerin.com\/site\/wp-content\/uploads\/Passage_thb.jpg\" class=\"attachment-large size-large wp-post-image\" alt=\"\" srcset=\"http:\/\/www.mireilleguerin.com\/site\/wp-content\/uploads\/Passage_thb.jpg 800w, http:\/\/www.mireilleguerin.com\/site\/wp-content\/uploads\/Passage_thb-300x225.jpg 300w, http:\/\/www.mireilleguerin.com\/site\/wp-content\/uploads\/Passage_thb-768x576.jpg 768w\" sizes=\"auto, (max-width: 764px) 100vw, 764px\" \/><\/a>\n\t\t\t\t\t\t<h2 class=\"portfolio-entry-title\"><a href=\"http:\/\/www.mireilleguerin.com\/site\/portfolio\/passage\/\" title=\"Passage\">Passage<\/a><\/h2>\n\n\t\t\t\t\t\t\t<div class=\"portfolio-entry-meta\">\n\t\t\t\t\t\t\t\t\t\t\t\t\t\t<\/div>\n\n\t\t\t\t\t\t<\/header>\n\n\t\t\t\t\t\t\t\t\t\t<\/div><!-- close .portfolio-entry -->\n\t\t\t\t\t\t\t\t\t\t<div class=\"portfolio-entry portfolio-entry-column-4 portfolio-entry-mobile-last-item-row portfolio-entry-last-item-row\">\n\t\t\t\t\t\t<header class=\"portfolio-entry-header\">\n\t\t\t\t\t\t<a class=\"portfolio-featured-image\" href=\"http:\/\/www.mireilleguerin.com\/site\/portfolio\/tempete\/\"><img loading=\"lazy\" decoding=\"async\" width=\"764\" height=\"573\" src=\"http:\/\/www.mireilleguerin.com\/site\/wp-content\/uploads\/Tempete_thb.jpg\" class=\"attachment-large size-large wp-post-image\" alt=\"\" srcset=\"http:\/\/www.mireilleguerin.com\/site\/wp-content\/uploads\/Tempete_thb.jpg 800w, http:\/\/www.mireilleguerin.com\/site\/wp-content\/uploads\/Tempete_thb-300x225.jpg 300w, http:\/\/www.mireilleguerin.com\/site\/wp-content\/uploads\/Tempete_thb-768x576.jpg 768w\" sizes=\"auto, (max-width: 764px) 100vw, 764px\" \/><\/a>\n\t\t\t\t\t\t<h2 class=\"portfolio-entry-title\"><a href=\"http:\/\/www.mireilleguerin.com\/site\/portfolio\/tempete\/\" title=\"Temp\u00eate\">Temp\u00eate<\/a><\/h2>\n\n\t\t\t\t\t\t\t<div class=\"portfolio-entry-meta\">\n\t\t\t\t\t\t\t\t\t\t\t\t\t\t<\/div>\n\n\t\t\t\t\t\t<\/header>\n\n\t\t\t\t\t\t\t\t\t\t<\/div><!-- close .portfolio-entry -->\n\t\t\t\t\t\t\t\t\t\t<div class=\"portfolio-entry portfolio-entry-column-4 portfolio-entry-mobile-first-item-row portfolio-entry-first-item-row\">\n\t\t\t\t\t\t<header class=\"portfolio-entry-header\">\n\t\t\t\t\t\t<a class=\"portfolio-featured-image\" href=\"http:\/\/www.mireilleguerin.com\/site\/portfolio\/jesse\/\"><img loading=\"lazy\" decoding=\"async\" width=\"764\" height=\"573\" src=\"http:\/\/www.mireilleguerin.com\/site\/wp-content\/uploads\/Jesse_thb.jpg\" class=\"attachment-large size-large wp-post-image\" alt=\"\" srcset=\"http:\/\/www.mireilleguerin.com\/site\/wp-content\/uploads\/Jesse_thb.jpg 800w, http:\/\/www.mireilleguerin.com\/site\/wp-content\/uploads\/Jesse_thb-300x225.jpg 300w, http:\/\/www.mireilleguerin.com\/site\/wp-content\/uploads\/Jesse_thb-768x576.jpg 768w\" sizes=\"auto, (max-width: 764px) 100vw, 764px\" \/><\/a>\n\t\t\t\t\t\t<h2 class=\"portfolio-entry-title\"><a href=\"http:\/\/www.mireilleguerin.com\/site\/portfolio\/jesse\/\" title=\"Jess\u00e9\">Jess\u00e9<\/a><\/h2>\n\n\t\t\t\t\t\t\t<div class=\"portfolio-entry-meta\">\n\t\t\t\t\t\t\t\t\t\t\t\t\t\t<\/div>\n\n\t\t\t\t\t\t<\/header>\n\n\t\t\t\t\t\t\t\t\t\t<\/div><!-- close .portfolio-entry -->\n\t\t\t\t\t\t\t\t\t\t<div class=\"portfolio-entry portfolio-entry-column-4 portfolio-entry-mobile-last-item-row\">\n\t\t\t\t\t\t<header class=\"portfolio-entry-header\">\n\t\t\t\t\t\t<a class=\"portfolio-featured-image\" href=\"http:\/\/www.mireilleguerin.com\/site\/portfolio\/jubile\/\"><img loading=\"lazy\" decoding=\"async\" width=\"764\" height=\"573\" src=\"http:\/\/www.mireilleguerin.com\/site\/wp-content\/uploads\/Jubile_thb.jpg\" class=\"attachment-large size-large wp-post-image\" alt=\"\" srcset=\"http:\/\/www.mireilleguerin.com\/site\/wp-content\/uploads\/Jubile_thb.jpg 800w, http:\/\/www.mireilleguerin.com\/site\/wp-content\/uploads\/Jubile_thb-300x225.jpg 300w, http:\/\/www.mireilleguerin.com\/site\/wp-content\/uploads\/Jubile_thb-768x576.jpg 768w\" sizes=\"auto, (max-width: 764px) 100vw, 764px\" \/><\/a>\n\t\t\t\t\t\t<h2 class=\"portfolio-entry-title\"><a href=\"http:\/\/www.mireilleguerin.com\/site\/portfolio\/jubile\/\" title=\"Jubil\u00e9\">Jubil\u00e9<\/a><\/h2>\n\n\t\t\t\t\t\t\t<div class=\"portfolio-entry-meta\">\n\t\t\t\t\t\t\t\t\t\t\t\t\t\t<\/div>\n\n\t\t\t\t\t\t<\/header>\n\n\t\t\t\t\t\t\t\t\t\t<\/div><!-- close .portfolio-entry -->\n\t\t\t\t\t\t\t\t\t\t<div class=\"portfolio-entry portfolio-entry-column-4 portfolio-entry-mobile-first-item-row\">\n\t\t\t\t\t\t<header class=\"portfolio-entry-header\">\n\t\t\t\t\t\t<a class=\"portfolio-featured-image\" href=\"http:\/\/www.mireilleguerin.com\/site\/portfolio\/ecorces\/\"><img loading=\"lazy\" decoding=\"async\" width=\"764\" height=\"573\" src=\"http:\/\/www.mireilleguerin.com\/site\/wp-content\/uploads\/Ecorces_thb.jpg\" class=\"attachment-large size-large wp-post-image\" alt=\"\" srcset=\"http:\/\/www.mireilleguerin.com\/site\/wp-content\/uploads\/Ecorces_thb.jpg 800w, http:\/\/www.mireilleguerin.com\/site\/wp-content\/uploads\/Ecorces_thb-300x225.jpg 300w, http:\/\/www.mireilleguerin.com\/site\/wp-content\/uploads\/Ecorces_thb-768x576.jpg 768w\" sizes=\"auto, (max-width: 764px) 100vw, 764px\" \/><\/a>\n\t\t\t\t\t\t<h2 class=\"portfolio-entry-title\"><a href=\"http:\/\/www.mireilleguerin.com\/site\/portfolio\/ecorces\/\" title=\"\u00c9corces\">\u00c9corces<\/a><\/h2>\n\n\t\t\t\t\t\t\t<div class=\"portfolio-entry-meta\">\n\t\t\t\t\t\t\t\t\t\t\t\t\t\t<\/div>\n\n\t\t\t\t\t\t<\/header>\n\n\t\t\t\t\t\t\t\t\t\t<\/div><!-- close .portfolio-entry -->\n\t\t\t\t\t\t\t\t\t\t<div class=\"portfolio-entry portfolio-entry-column-4 portfolio-entry-mobile-last-item-row portfolio-entry-last-item-row\">\n\t\t\t\t\t\t<header class=\"portfolio-entry-header\">\n\t\t\t\t\t\t<a class=\"portfolio-featured-image\" href=\"http:\/\/www.mireilleguerin.com\/site\/portfolio\/la-fenetre\/\"><img loading=\"lazy\" decoding=\"async\" width=\"764\" height=\"573\" src=\"http:\/\/www.mireilleguerin.com\/site\/wp-content\/uploads\/Fenetre_thb.jpg\" class=\"attachment-large size-large wp-post-image\" alt=\"\" srcset=\"http:\/\/www.mireilleguerin.com\/site\/wp-content\/uploads\/Fenetre_thb.jpg 800w, http:\/\/www.mireilleguerin.com\/site\/wp-content\/uploads\/Fenetre_thb-300x225.jpg 300w, http:\/\/www.mireilleguerin.com\/site\/wp-content\/uploads\/Fenetre_thb-768x576.jpg 768w\" sizes=\"auto, (max-width: 764px) 100vw, 764px\" \/><\/a>\n\t\t\t\t\t\t<h2 class=\"portfolio-entry-title\"><a href=\"http:\/\/www.mireilleguerin.com\/site\/portfolio\/la-fenetre\/\" title=\"La Fen\u00eatre\">La Fen\u00eatre<\/a><\/h2>\n\n\t\t\t\t\t\t\t<div class=\"portfolio-entry-meta\">\n\t\t\t\t\t\t\t\t\t\t\t\t\t\t<\/div>\n\n\t\t\t\t\t\t<\/header>\n\n\t\t\t\t\t\t\t\t\t\t<\/div><!-- close .portfolio-entry -->\n\t\t\t\t\t\t\t\t\t\t<div class=\"portfolio-entry portfolio-entry-column-4 portfolio-entry-mobile-first-item-row portfolio-entry-first-item-row\">\n\t\t\t\t\t\t<header class=\"portfolio-entry-header\">\n\t\t\t\t\t\t<a class=\"portfolio-featured-image\" href=\"http:\/\/www.mireilleguerin.com\/site\/portfolio\/les-cocons\/\"><img loading=\"lazy\" decoding=\"async\" width=\"764\" height=\"573\" src=\"http:\/\/www.mireilleguerin.com\/site\/wp-content\/uploads\/Cocons_thb.jpg\" class=\"attachment-large size-large wp-post-image\" alt=\"\" srcset=\"http:\/\/www.mireilleguerin.com\/site\/wp-content\/uploads\/Cocons_thb.jpg 800w, http:\/\/www.mireilleguerin.com\/site\/wp-content\/uploads\/Cocons_thb-300x225.jpg 300w, http:\/\/www.mireilleguerin.com\/site\/wp-content\/uploads\/Cocons_thb-768x576.jpg 768w\" sizes=\"auto, (max-width: 764px) 100vw, 764px\" \/><\/a>\n\t\t\t\t\t\t<h2 class=\"portfolio-entry-title\"><a href=\"http:\/\/www.mireilleguerin.com\/site\/portfolio\/les-cocons\/\" title=\"Les cocons\">Les cocons<\/a><\/h2>\n\n\t\t\t\t\t\t\t<div class=\"portfolio-entry-meta\">\n\t\t\t\t\t\t\t\t\t\t\t\t\t\t<\/div>\n\n\t\t\t\t\t\t<\/header>\n\n\t\t\t\t\t\t\t\t\t\t<\/div><!-- close .portfolio-entry -->\n\t\t\t\t\t\t\t\t\t\t<div class=\"portfolio-entry portfolio-entry-column-4 portfolio-entry-mobile-last-item-row\">\n\t\t\t\t\t\t<header class=\"portfolio-entry-header\">\n\t\t\t\t\t\t<a class=\"portfolio-featured-image\" href=\"http:\/\/www.mireilleguerin.com\/site\/portfolio\/eclats\/\"><img loading=\"lazy\" decoding=\"async\" width=\"764\" height=\"573\" src=\"http:\/\/www.mireilleguerin.com\/site\/wp-content\/uploads\/Eclats_thb.jpg\" class=\"attachment-large size-large wp-post-image\" alt=\"\" srcset=\"http:\/\/www.mireilleguerin.com\/site\/wp-content\/uploads\/Eclats_thb.jpg 800w, http:\/\/www.mireilleguerin.com\/site\/wp-content\/uploads\/Eclats_thb-300x225.jpg 300w, http:\/\/www.mireilleguerin.com\/site\/wp-content\/uploads\/Eclats_thb-768x576.jpg 768w\" sizes=\"auto, (max-width: 764px) 100vw, 764px\" \/><\/a>\n\t\t\t\t\t\t<h2 class=\"portfolio-entry-title\"><a href=\"http:\/\/www.mireilleguerin.com\/site\/portfolio\/eclats\/\" title=\"\u00c9clats\">\u00c9clats<\/a><\/h2>\n\n\t\t\t\t\t\t\t<div class=\"portfolio-entry-meta\">\n\t\t\t\t\t\t\t\t\t\t\t\t\t\t<\/div>\n\n\t\t\t\t\t\t<\/header>\n\n\t\t\t\t\t\t\t\t\t\t<\/div><!-- close .portfolio-entry -->\n\t\t\t\t\t\t\t\t\t\t<div class=\"portfolio-entry portfolio-entry-column-4 portfolio-entry-mobile-first-item-row\">\n\t\t\t\t\t\t<header class=\"portfolio-entry-header\">\n\t\t\t\t\t\t<a class=\"portfolio-featured-image\" href=\"http:\/\/www.mireilleguerin.com\/site\/portfolio\/en-corse\/\"><img loading=\"lazy\" decoding=\"async\" width=\"764\" height=\"573\" src=\"http:\/\/www.mireilleguerin.com\/site\/wp-content\/uploads\/En-corse_thb.jpg\" class=\"attachment-large size-large wp-post-image\" alt=\"\" srcset=\"http:\/\/www.mireilleguerin.com\/site\/wp-content\/uploads\/En-corse_thb.jpg 800w, http:\/\/www.mireilleguerin.com\/site\/wp-content\/uploads\/En-corse_thb-300x225.jpg 300w, http:\/\/www.mireilleguerin.com\/site\/wp-content\/uploads\/En-corse_thb-768x576.jpg 768w\" sizes=\"auto, (max-width: 764px) 100vw, 764px\" \/><\/a>\n\t\t\t\t\t\t<h2 class=\"portfolio-entry-title\"><a href=\"http:\/\/www.mireilleguerin.com\/site\/portfolio\/en-corse\/\" title=\"En Corse\">En Corse<\/a><\/h2>\n\n\t\t\t\t\t\t\t<div class=\"portfolio-entry-meta\">\n\t\t\t\t\t\t\t\t\t\t\t\t\t\t<\/div>\n\n\t\t\t\t\t\t<\/header>\n\n\t\t\t\t\t\t\t\t\t\t<\/div><!-- close .portfolio-entry -->\n\t\t\t\t\t\t\t\t\t\t<div class=\"portfolio-entry portfolio-entry-column-4 portfolio-entry-mobile-last-item-row portfolio-entry-last-item-row\">\n\t\t\t\t\t\t<header class=\"portfolio-entry-header\">\n\t\t\t\t\t\t<a class=\"portfolio-featured-image\" href=\"http:\/\/www.mireilleguerin.com\/site\/portfolio\/singapour\/\"><img loading=\"lazy\" decoding=\"async\" width=\"764\" height=\"573\" src=\"http:\/\/www.mireilleguerin.com\/site\/wp-content\/uploads\/Singapour_thb.jpg\" class=\"attachment-large size-large wp-post-image\" alt=\"\" srcset=\"http:\/\/www.mireilleguerin.com\/site\/wp-content\/uploads\/Singapour_thb.jpg 800w, http:\/\/www.mireilleguerin.com\/site\/wp-content\/uploads\/Singapour_thb-300x225.jpg 300w, http:\/\/www.mireilleguerin.com\/site\/wp-content\/uploads\/Singapour_thb-768x576.jpg 768w\" sizes=\"auto, (max-width: 764px) 100vw, 764px\" \/><\/a>\n\t\t\t\t\t\t<h2 class=\"portfolio-entry-title\"><a href=\"http:\/\/www.mireilleguerin.com\/site\/portfolio\/singapour\/\" title=\"Singapour\">Singapour<\/a><\/h2>\n\n\t\t\t\t\t\t\t<div class=\"portfolio-entry-meta\">\n\t\t\t\t\t\t\t\t\t\t\t\t\t\t<\/div>\n\n\t\t\t\t\t\t<\/header>\n\n\t\t\t\t\t\t\t\t\t\t<\/div><!-- close .portfolio-entry -->\n\t\t\t\t\t\t\t\t\t\t<div class=\"portfolio-entry portfolio-entry-column-4 portfolio-entry-mobile-first-item-row portfolio-entry-first-item-row\">\n\t\t\t\t\t\t<header class=\"portfolio-entry-header\">\n\t\t\t\t\t\t<a class=\"portfolio-featured-image\" href=\"http:\/\/www.mireilleguerin.com\/site\/portfolio\/asteroide\/\"><img loading=\"lazy\" decoding=\"async\" width=\"764\" height=\"573\" src=\"http:\/\/www.mireilleguerin.com\/site\/wp-content\/uploads\/Asteroide_thb.jpg\" class=\"attachment-large size-large wp-post-image\" alt=\"\" srcset=\"http:\/\/www.mireilleguerin.com\/site\/wp-content\/uploads\/Asteroide_thb.jpg 800w, http:\/\/www.mireilleguerin.com\/site\/wp-content\/uploads\/Asteroide_thb-300x225.jpg 300w, http:\/\/www.mireilleguerin.com\/site\/wp-content\/uploads\/Asteroide_thb-768x576.jpg 768w\" sizes=\"auto, (max-width: 764px) 100vw, 764px\" \/><\/a>\n\t\t\t\t\t\t<h2 class=\"portfolio-entry-title\"><a href=\"http:\/\/www.mireilleguerin.com\/site\/portfolio\/asteroide\/\" title=\"Ast\u00e9ro\u00efde\">Ast\u00e9ro\u00efde<\/a><\/h2>\n\n\t\t\t\t\t\t\t<div class=\"portfolio-entry-meta\">\n\t\t\t\t\t\t\t\t\t\t\t\t\t\t<\/div>\n\n\t\t\t\t\t\t<\/header>\n\n\t\t\t\t\t\t\t\t\t\t<\/div><!-- close .portfolio-entry -->\n\t\t\t\t\t\t\t\t\t\t<div class=\"portfolio-entry portfolio-entry-column-4 portfolio-entry-mobile-last-item-row\">\n\t\t\t\t\t\t<header class=\"portfolio-entry-header\">\n\t\t\t\t\t\t<a class=\"portfolio-featured-image\" href=\"http:\/\/www.mireilleguerin.com\/site\/portfolio\/pluie-noire\/\"><img loading=\"lazy\" decoding=\"async\" width=\"764\" height=\"573\" src=\"http:\/\/www.mireilleguerin.com\/site\/wp-content\/uploads\/Pluie-noire_thb.jpg\" class=\"attachment-large size-large wp-post-image\" alt=\"\" srcset=\"http:\/\/www.mireilleguerin.com\/site\/wp-content\/uploads\/Pluie-noire_thb.jpg 800w, http:\/\/www.mireilleguerin.com\/site\/wp-content\/uploads\/Pluie-noire_thb-300x225.jpg 300w, http:\/\/www.mireilleguerin.com\/site\/wp-content\/uploads\/Pluie-noire_thb-768x576.jpg 768w\" sizes=\"auto, (max-width: 764px) 100vw, 764px\" \/><\/a>\n\t\t\t\t\t\t<h2 class=\"portfolio-entry-title\"><a href=\"http:\/\/www.mireilleguerin.com\/site\/portfolio\/pluie-noire\/\" title=\"Pluie noire\">Pluie noire<\/a><\/h2>\n\n\t\t\t\t\t\t\t<div class=\"portfolio-entry-meta\">\n\t\t\t\t\t\t\t\t\t\t\t\t\t\t<\/div>\n\n\t\t\t\t\t\t<\/header>\n\n\t\t\t\t\t\t\t\t\t\t<\/div><!-- close .portfolio-entry -->\n\t\t\t\t\t\t\t\t\t<\/div><!-- close .jetpack-portfolio -->\n\t\t\t\t\n","protected":false},"excerpt":{"rendered":"<p>Le travail du licier est un beau moyen d\u2019expression, malheureusement peu connu : il tisse des pi\u00e8ces uniques, murales et d\u00e9coratives, sur un m\u00e9tier de haute ou basse-lice. Traditionnel et innovant ce savoir-faire peut \u00eatre mis au service de l\u2019art contemporain. Il prend alors une dimension nouvelle : investissement personnel, recherche permanente, il devient, pour [&hellip;]<\/p>\n","protected":false},"author":1,"featured_media":0,"parent":0,"menu_order":0,"comment_status":"closed","ping_status":"closed","template":"fullwidth-page.php","meta":{"jetpack_post_was_ever_published":false,"footnotes":""},"tags":[],"class_list":["post-1504","page","type-page","status-publish","hentry"],"jetpack_sharing_enabled":true,"jetpack_shortlink":"https:\/\/wp.me\/PaX9D6-og","_links":{"self":[{"href":"http:\/\/www.mireilleguerin.com\/site\/wp-json\/wp\/v2\/pages\/1504","targetHints":{"allow":["GET"]}}],"collection":[{"href":"http:\/\/www.mireilleguerin.com\/site\/wp-json\/wp\/v2\/pages"}],"about":[{"href":"http:\/\/www.mireilleguerin.com\/site\/wp-json\/wp\/v2\/types\/page"}],"author":[{"embeddable":true,"href":"http:\/\/www.mireilleguerin.com\/site\/wp-json\/wp\/v2\/users\/1"}],"replies":[{"embeddable":true,"href":"http:\/\/www.mireilleguerin.com\/site\/wp-json\/wp\/v2\/comments?post=1504"}],"version-history":[{"count":19,"href":"http:\/\/www.mireilleguerin.com\/site\/wp-json\/wp\/v2\/pages\/1504\/revisions"}],"predecessor-version":[{"id":1595,"href":"http:\/\/www.mireilleguerin.com\/site\/wp-json\/wp\/v2\/pages\/1504\/revisions\/1595"}],"wp:attachment":[{"href":"http:\/\/www.mireilleguerin.com\/site\/wp-json\/wp\/v2\/media?parent=1504"}],"wp:term":[{"taxonomy":"post_tag","embeddable":true,"href":"http:\/\/www.mireilleguerin.com\/site\/wp-json\/wp\/v2\/tags?post=1504"}],"curies":[{"name":"wp","href":"https:\/\/api.w.org\/{rel}","templated":true}]}}